greatest common divisor of 200 and 9521300?
100
What is the greatest common factor of 21026123 and 66005?
307
What is the highest common factor of 4186 and 145352571?
2093
Calculate the greatest common divisor of 22139 and 120913.
1703
Calculate the highest common factor of 8473 and 20335429.
229
Calculate the highest common divisor of 8992 and 83776778.
562
Calculate the highest common factor of 207 and 102467622.
69
What is the highest common divisor of 500 and 922364900?
100
What is the highest common factor of 178490500 and 20?
20
What is the greatest common divisor of 51367288 and 3776?
472
Calculate the greatest common divisor of 346 and 28371308.
346
What is the highest common divisor of 2199090 and 60?
30
What is the greatest common factor of 334 and 21535819?
167
What is the greatest common factor of 20508656 and 94031?
4949
Calculate the greatest common divisor of 40 and 5886260.
20
What is the greatest common divisor of 169475 and 4700?
25
Calculate the greatest common divisor of 36455505 and 1402.
701
What is the greatest common divisor of 346 and 473980037?
173
Calculate the greatest common divisor of 64407653 and 1307.
1307
Calculate the highest common factor of 138255 and 7164445.
3545
What is the highest common divisor of 10582875 and 2454?
1227
What is the greatest common factor of 477945 and 643695?
195
What is the greatest common divisor of 10002091 and 22?
11
What is the highest common divisor of 13776 and 1696170?
1722
What is the greatest common divisor of 195411 and 2644806?
159
Calculate the highest common factor of 4743010 and 1770.
590
Calculate the highest common factor of 140814436 and 485884.
13132
Calculate the greatest common factor of 23885205 and 6520.
815
What is the greatest common divisor of 72 and 143596494?
18
Calculate the highest common divisor of 2997 and 281541177.
2997
What is the greatest common divisor of 25935 and 1075515?
105
Calculate the highest common divisor of 195982 and 52102.
218
What is the greatest common divisor of 1547 and 5849683?
119
Calculate the greatest common divisor of 107 and 92494759.
107
Calculate the greatest common factor of 202 and 142655026.
202
What is the highest common divisor of 13325 and 4773600?
325
What is the greatest common divisor of 17794426 and 28535?
5707
What is the greatest common divisor of 2378 and 200216?
58
Calculate the greatest common factor of 968055 and 8.
1
What is the highest common factor of 11745 and 69669?
9
Calculate the highest common divisor of 21750 and 429600.
150
What is the highest common divisor of 37298 and 103836?
34
Calculate the highest common factor of 95 and 48309362.
19
Calculate the highest common factor of 159003 and 60409362.
5889
What is the highest common factor of 25688055 and 174?
87
What is the highest common factor of 132 and 78604240?
44
What is the greatest common divisor of 4187324 and 4700?
188
What is the highest common divisor of 261096 and 2631600?
1032
Calculate the greatest common divisor of 4554 and 4756446.
414
What is the greatest common factor of 324 and 25630524?
36
Calculate the highest common divisor of 1372 and 2745043406.
686
What is the greatest common divisor of 1514062944 and 3904?
1952
What is the greatest common factor of 23359 and 190777?
71
What is the highest common divisor of 166 and 5668651?
83
What is the highest common divisor of 2164786 and 39534?
1198
What is the greatest common divisor of 805 and 51147630?
115
Calculate the highest common divisor of 389784922 and 794.
794
Calculate the highest common divisor of 257663601 and 18.
9
Calculate the greatest common factor of 1736 and 14632.
248
What is the greatest common divisor of 20408 and 2624979?
2551
Calculate the highest common divisor of 20320 and 193090.
10
What is the highest common factor of 88103328 and 2844?
948
What is the greatest common factor of 4818477 and 138?
69
Calculate the greatest common factor of 5717810 and 140.
70
What is the greatest common divisor of 115825 and 2723425?
1025
Calculate the highest common factor of 78322032 and 272.
16
Calculate the highest common divisor of 66005783 and 1099.
157
What is the highest common divisor of 490916 and 6014?
62
Calculate the greatest common divisor of 607774 and 40122.
1486
What is the greatest common divisor of 322434 and 1080?
54
What is the highest common factor of 450 and 3459820?
10
Calculate the greatest common divisor of 13426 and 508818.
274
Calculate the greatest common divisor of 463314 and 64569693.
6261
What is the greatest common divisor of 34238667 and 8841?
1263
What is the greatest common divisor of 677470 and 203722?
74
What is the highest common factor of 13792797 and 4896?
153
What is the greatest common factor of 7441 and 37121?
7
What is the highest common divisor of 1007742 and 1521948?
318
Calculate the greatest common divisor of 5888257 and 58747.
4519
Calculate the highest common factor of 1 and 3421467.
1
Calculate the greatest common factor of 1378384 and 32116.
868
Calculate the greatest common factor of 5694 and 179478.
78
Calculate the highest common divisor of 14625 and 179837775.
2925
What is the greatest common factor of 427095 and 1359?
9
What is the highest common divisor of 39 and 668980533?
39
Calculate the highest common divisor of 1850984 and 2440.
488
What is the greatest common divisor of 9 and 8001933?
3
What is the greatest common factor of 650 and 28166762?
26
What is the highest common divisor of 9361 and 193921625?
851
What is the highest common divisor of 162259 and 22?
1
What is the highest common divisor of 20536 and 44321822?
5134
Calculate the greatest common divisor of 21 and 3950863.
7
Calculate the highest common divisor of 166047806 and 34.
34
What is the greatest common factor of 5831088 and 31152?
2832
What is the greatest common factor of 1826989112 and 2616?
872
What is the highest common factor of 383976 and 515880?
72
Calculate the highest common factor of 51689 and 199837.
407
Calculate the greatest common divisor of 576 and 87592.
8
What is the highest common divisor of 101706 and 103752?
66
What is the highest common factor of 52252679 and 5168?
323
Calculate the greatest common divisor of 82432 and 50360576.
1792
Calculate the highest common divisor of 1671784 and 23584.
536
Calculate the highest common divisor of 3404502 and 2598.
6
What is the highest common divisor of 96711848 and 56?
8
Calculate the highest common divisor of 3174 and 2808921.
69
Calculate the highest common divisor of 224635311 and 903.
129
What is the highest common divisor of 14988 and 87?
3
What is the highest common factor of 1049710 and 3030?
10
What is the greatest common divisor of 14 and 2543644082?
14
Calculate the greatest common divisor of 636 and 3583308.
12
What is the greatest common divisor of 115092 and 608028?
276
What is the highest common factor of 108109540 and 11?
11
Calculate the highest common divisor of 1150818656 and 104.
104
What is the greatest common divisor of 3554120 and 45?
5
What is the greatest common factor of 15 and 9957540?
15
What is the greatest common factor of 925228 and 458858?
626
What is the greatest common divisor of 125458722 and 12?
6
What is the highest common divisor of 41 and 60213871?
41
Calculate the highest common divisor of 834731 and 9153.
113
Calculate the highest common divisor of 8694 and 78102.
18
What is the greatest common divisor of 60 and 16340970?
30
What is the greatest common divisor of 326 and 1514832676?
326
What is the highest common divisor of 44 and 144717386?
22
What is the highest common factor of 487585930 and 195?
65
Calculate the greatest common factor of 970661127 and 762.
381
What is the highest common factor of 2080 and 69041960?
520
Calculate the highest common factor of 15040 and 2360.
40
What is the greatest common divisor of 67584 and 31128?
24
What is the highest common divisor of 2091 and 305745159?
123
Calculate the greatest common divisor of 2609040 and 29904.
336
What is the highest common divisor of 1847207 and 284?
71
What is the greatest common factor of 707377 and 100367?
601
What is the highest common divisor of 66 and 404444986?
22
Calculate the highest common divisor of 4536 and 14408982.
378
Calculate the greatest common divisor of 178458 and